{"id":688,"date":"2022-07-26T11:10:10","date_gmt":"2022-07-26T11:10:10","guid":{"rendered":"https:\/\/canfranccanfranc.com\/tienda.online\/?post_type=product&#038;p=688"},"modified":"2025-07-24T06:47:53","modified_gmt":"2025-07-24T06:47:53","slug":"calcetin-unisex-lurbel","status":"publish","type":"product","link":"https:\/\/canfranccanfranc.com\/tienda.online\/productos\/calcetin-unisex-lurbel\/","title":{"rendered":"Calcetin Unisex LURBEL CanfrancCanfranc"},"content":{"rendered":"<p>Los <strong>Calcetines Lurbel Trail Runing <\/strong>mantienen los pies en perfectas condiciones, combatiendo e<span class=\"a-list-item\">l sobrecalentamiento, l<\/span><span class=\"a-list-item\">a humedad y la fricci\u00f3n, evitando que aparezcan ampollas. <\/span>Combina fibra Regenactiv con fibra multicanal que transporta la humedad al exterior por sus cavidades en forma de tr\u00e9bol. La fibra Regenactiv es de base celul\u00f3sica aditivada con part\u00edculas i\u00f3nicas de origen marino aportando sus cualidades protectoras.<\/p>\n","protected":false},"excerpt":{"rendered":"<p>Los Calcetines Lurbel Trail Runing mantienen los pies en perfectas condiciones, combatiendo el sobrecalentamiento, la humedad y la fricci\u00f3n, evitando que aparezcan ampollas. Combina fibra Regenactiv con fibra multicanal que transporta la humedad al exterior por sus cavidades en forma de tr\u00e9bol. La fibra Regenactiv es de base celul\u00f3sica aditivada con part\u00edculas i\u00f3nicas de origen [&hellip;]<\/p>\n","protected":false},"featured_media":0,"comment_status":"open","ping_status":"closed","template":"","meta":[],"product_brand":[],"product_cat":[70,62],"product_tag":[],"class_list":{"0":"post-688","1":"product","2":"type-product","3":"status-publish","5":"product_cat-calcetines","6":"product_cat-unisex","7":"pa_color-calcetines-negro-rojo","8":"pa_talla-m","9":"pa_talla-xl","11":"first","12":"instock","13":"shipping-taxable","14":"purchasable","15":"product-type-variable"},"jetpack_sharing_enabled":true,"_links":{"self":[{"href":"https:\/\/canfranccanfranc.com\/tienda.online\/wp-json\/wp\/v2\/product\/688","targetHints":{"allow":["GET"]}}],"collection":[{"href":"https:\/\/canfranccanfranc.com\/tienda.online\/wp-json\/wp\/v2\/product"}],"about":[{"href":"https:\/\/canfranccanfranc.com\/tienda.online\/wp-json\/wp\/v2\/types\/product"}],"replies":[{"embeddable":true,"href":"https:\/\/canfranccanfranc.com\/tienda.online\/wp-json\/wp\/v2\/comments?post=688"}],"wp:attachment":[{"href":"https:\/\/canfranccanfranc.com\/tienda.online\/wp-json\/wp\/v2\/media?parent=688"}],"wp:term":[{"taxonomy":"product_brand","embeddable":true,"href":"https:\/\/canfranccanfranc.com\/tienda.online\/wp-json\/wp\/v2\/product_brand?post=688"},{"taxonomy":"product_cat","embeddable":true,"href":"https:\/\/canfranccanfranc.com\/tienda.online\/wp-json\/wp\/v2\/product_cat?post=688"},{"taxonomy":"product_tag","embeddable":true,"href":"https:\/\/canfranccanfranc.com\/tienda.online\/wp-json\/wp\/v2\/product_tag?post=688"}],"curies":[{"name":"wp","href":"https:\/\/api.w.org\/{rel}","templated":true}]}}